st common factor of l and 40.
40
Let g(p) = 44*p + 547. Let j be g(10). What is the highest common factor of j and 1833?
141
Suppose 0 = 3*s + 6*r - r - 247, 2*s + 3*r = 165. What is the greatest common factor of s and 294?
42
Suppose -116*b + 52 = 4*x - 120*b, 0 = -3*b - 12. Let f(j) = j**3 - 2*j**2 - 4*j - 7. Let y be f(4). Calculate the greatest common factor of y and x.
9
Let j = 4127 - 2775. What is the greatest common factor of j and 312?
104
Let o(c) = c**3 + 9*c**2 + 7*c + 4. Let h = 77 + -86. Let a be o(h). Let l = a - -92. What is the greatest common factor of 44 and l?
11
Suppose -5*h - 33*v = -38*v - 330, -2*v = -h + 56. Let y(i) = i**2 - 5*i + 2. Let w be y(6). Calculate the greatest common divisor of w and h.
4
Suppose -z = z - 26. Suppose 6*f - 10*f = -y + 176, f = 5*y - 804. Suppose 0 = 5*t - z*t + y. Calculate the highest common divisor of 4 and t.
4
Suppose 0*w = 19*w - 57. Suppose -132 = -4*o + 5*b + 5, 0 = -o - 5*b + w. Calculate the greatest common factor of o and 7.
7
Let t(s) = -21*s**2 + 1974*s + 122. Let h be t(94). What is the greatest common factor of 122 and h?
122
Let i be 4/10 + (-18)/60*-42. Let n be (-1848)/(-35) + (-4)/5. Suppose 4*g - 3*g = n. Calculate the greatest common divisor of i and g.
13
Let j(t) = 100*t - 119. Let g be j(32). What is the highest common divisor of 273 and g?
39
Let k(s) be the first derivative of s**3/3 + 3*s + 4. Let u be k(-3). Suppose 178 + 159 - 148 = 21*r. What is the greatest common divisor of u and r?
3
Let v(p) = -3*p**2 - 24*p - 2. Let i be v(-2). Suppose -9*c + i = -38. Calculate the highest common divisor of 14 and c.
2
Suppose 0 = -5*w - 3*l + 2293, -4*l = 3*w - 920 - 469. Calculate the highest common factor of 1092 and w.
91
Let q(f) = 393*f - 3128. Let a be q(8). What is the greatest common divisor of a and 152?
8
Suppose 0*p - 2*p + 120 = 0. Suppose -615*f - 3680 = -342*f - 319*f. What is the greatest common divisor of f and p?
20
Let g(b) = -20*b - 303. Let a be g(-16). Let l be 7/(-14) - (-818)/4. Suppose 0*z + l = 4*z. Calculate the greatest common factor of a and z.
17
Let u be ((-64)/(-12))/((-3)/(-297)). Suppose 4*c - c - u = -3*v, v = -5*c + 176. Suppose -16*d + 5*d = -v. Calculate the greatest common divisor of 48 and d.
16
Suppose -147*y - 34386 = -145518. What is the greatest common divisor of 2700 and y?
108
Let g be 10 + 0 - (27246/(-19) - (-19 + -18)). Let k(i) = -4*i - 3. Let y be k(-6). Calculate the greatest common factor of g and y.
21
Let j be -129 + 133 + (1584/1)/3. What is the highest common factor of j and 3325?
133
Suppose -l + 22 = -5*d, 4*l + 6*d - d - 88 = 0. Calculate the greatest common divisor of l and 1397.
11
Suppose -4*z = 4*u - 300, u + 265 = 5*u - 3*z. Suppose -d = -n - 14 + 68, -n = -4*d - 48. Calculate the highest common divisor of n and u.
14
Let l be (-1 - 8/6) + (-2)/(-6). Let a(w) = -3*w**3 + 4*w**2 - w. Let n be a(l). Let d be (1 + 1)/2 + 5. What is the highest common divisor of d and n?
6
Let d be (2 - 0) + 11272 + (-11)/(6 + -17). What is the highest common divisor of d and 50?
25
Suppose -4*h = 3*p + 3251, 0 = -4*p + 9 - 13. Let j = -755 - h. What is the highest common divisor of 3 and j?
3
Let g(t) = t**3 + t**2 - 39*t + 3. Let m be g(6). Suppose 26*h + 8610 = 36*h. Calculate the highest common divisor of h and m.
21
Let d = -26170 + 26230. Calculate the greatest common factor of d and 36960.
60
Let c = 68 - -107. Suppose 3*d = -2*s + 261, -s + 13*d + 122 = 14*d. Calculate the highest common factor of s and c.
35
Let j(a) be the second derivative of a**4/12 - a**3/6 - 3*a**2/2 + 10*a. Let w be j(-2). Let l = -5 - -23. Calculate the greatest common divisor of l and w.
3
Let a = -58 + 4603. What is the greatest common divisor of 45 and a?
45
Suppose 0 = q - 5*w - 68, 3*q + 8*w - 7*w = 284. Let f = q + -51. Suppose -5*n + n + 56 = 0. What is the greatest common divisor of f and n?
14
Suppose 2*v = -2*w + 4298, -13008 + 2295 = -5*w + 3*v. What is the greatest common divisor of w and 220?
55
Let n = -3157 + 3229. Suppose -5*v + 46 + 34 = 0. Calculate the greatest common factor of v and n.
8
Suppose 0*q + 3*q + 3*a - 2262 = 0, -q = -3*a - 754. What is the highest common divisor of 247 and q?
13
Suppose -3*g + 440 - 86 = 0. Suppose 0*v - 3*v + g = -2*h, h + 119 = 3*v. Calculate the highest common divisor of v and 180.
20
Suppose -10302 = -3*o + 2*p + 30939, -p = 0. What is the highest common factor of o and 233?
233
Suppose 4*s + 5*r = -10, -4*r - 11 + 3 = s. Suppose s*q = q + 3*q. Suppose 5*m + q*t - 31 = t, m + t = 5. Calculate the highest common divisor of m and 4.
2
Suppose 13*q = 399 + 30. Suppose -38 = -3*r + 22. Suppose 2*t = 68 + r. What is the highest common divisor of t and q?
11
Let u = 1409 - 1402. Let x be 0 + -1 - (3 - -1). Let v be (42/5)/((-2)/x). Calculate the highest common factor of v and u.
7
Let u be 285 - -3*(-5)/1. Calculate the highest common divisor of 2880 and u.
90
Suppose -s - 3*y + 0*y = -76, 2*s - 4*y - 122 = 0. Let q = -40 - s. Let v = 37 - q. What is the greatest common factor of v and 18?
18
Suppose -4*o + 59 = h, 5*o + 21 + 88 = 3*h. Let y(m) = 2*m**2 - 85*m - 39. Let c be y(h). Let p = 4 + 0. What is the highest common factor of p and c?
4
Suppose 4*c - 44 = -4*q, -12*c = -13*c + 1. Suppose 0*z - 280 = -q*z. Let y be 45 + 0 + -1 + -2. Calculate the highest common factor of y and z.
14
Suppose 4*l - 2*l = -4*l. Let n be (l - 2 - -3) + (15 - 4). What is the highest common divisor of 4 and n?
4
Suppose 156*i = 163*i - 4214. Suppose 17*l = 24*l - i. Calculate the greatest common factor of 215 and l.
43
Suppose 5*c - 894 = -i + 1314, 5*i = 15. What is the highest common divisor of 777 and c?
21
Suppose -124*t + 112*t = 12. Let b be (2296/(-24)*-3)/(t/(-1)). What is the greatest common divisor of b and 82?
41
Let o be 2 + -12*(-696)/18. Let g = o + 259. What is the highest common factor of g and 58?
29
Suppose 2 = -b - 0*b, 5*t - 100 = -5*b. Let a = t + -22. Let z be (-1 - 3) + a + 14. Calculate the highest common divisor of z and 5.
5
Suppose 3*m + 2571 = 3*i, -i - 4*m + 1264 = 407. Let a = i + -773. What is the greatest common divisor of 588 and a?
84
Let b be ((-325)/(-10))/((-7)/(-6) + -1). Let u = b + -60. Calculate the greatest common factor of u and 54.
27
Let f be 5 + (2 - -26) - (0 + 0). Let b(h) = -2*h**3 - 12*h**2 - 19*h - 4. Let i be b(-6). Calculate the highest common factor of f and i.
11
Suppose -623 + 2919 = 164*g. Calculate the highest common factor of 3073 and g.
7
Suppose 17 = -y - 0*y - 3*g, 4*y - 3*g - 7 = 0. Let p be (y - -1 - -73)/(24/16). Calculate the highest common factor of 60 and p.
12
Suppose m + 5*d - 55 = 0, -4*d - 67 = -3*m + 3. Suppose 45 = j + 21. Suppose j - 182 = -4*l - 2*n, -l + 41 = -n. What is the highest common factor of l and m?
10
Suppose -219*w + 44036 + 44221 = 0. Calculate the greatest common divisor of w and 117.
13
Suppose 168*c = 171*c + s - 11782, 2*c - s = 7848. What is the greatest common divisor of 65 and c?
13
Suppose -3*n + 4*p - 1164 + 6152 = 0, -2*n = 2*p - 3330. Calculate the greatest common divisor of n and 1792.
128
Suppose 5*u + 178 = 4*s - 515, 0 = 4*s + 2*u - 742. Calculate the highest common divisor of s and 126.
14
Let w(c) = -1067*c + 2901. Let n be w(-5). Calculate the greatest common factor of 580 and n.
116
Let s(l) = -6*l**2 - 5*l + 24. Let c be s(4). Let i = c + 96. Suppose -77 = -i*j + 55. What is the greatest common factor of 11 and j?
11
Let k be (-6)/27 - (-38)/9. Let b be (-1 - 3)*(-110)/k. Suppose -60 = -7*p + 10. What is the highest common factor of b and p?
10
Let c = 35 + -35. Let w(m) = 0*m - 3*m**3 - 11*m**3 + c - 2 - 3*m. Let j be w(-1). Calculate the highest common factor of j and 30.
15
Suppose -56*y = 5*q - 53*y - 8004, -6 = -2*y. Calculate the highest common divisor of q and 123.
123
Let k(u) = -u**2 + 35*u + 302. Let d be k(42). Let s be ((-12)/(-10))/((-4)/(-10)). Let t be -2 + s - (-2)/2. What is the greatest common divisor of t and d?
2
Let m be 12116/117 - 4/(-9). Calculate the highest common factor of m and 780.
52
Let i be (-68)/(-8)*4 - (-5 - (-10 - -4)). What is the greatest common divisor of 1947 and i?
33
Let v = -9829 - -9894. Calculate the greatest common divisor of 1833 and v.
13
Let s = 45319 - 22230.